9*s - 303. Let w be t(35). What is the greatest common factor of 192 and w?
12
Let d(l) = -24*l**3 - 4*l**2 - 1. Let u be d(-1). Calculate the greatest common divisor of 28139 and u.
19
Let i(t) = -2*t**3 + 79*t**2 - 272*t - 45. Let v be i(34). What is the greatest common divisor of 168 and v?
21
Suppose c - 4*j = 37, -5*c + 91 + 44 = 5*j. Suppose -56 + c = -9*m. What is the greatest common factor of 258 and m?
3
Let b(c) = -14*c + 511. Let y be b(10). Suppose 0 = 29*d - 37*d + 56. What is the highest common divisor of d and y?
7
Suppose -14*r = -303 - 145. What is the greatest common factor of 3304 and r?
8
Let n be -3 + 14/(-7) + 530. Let j = n + -55. Calculate the greatest common factor of 10 and j.
10
Let f be -7 + 9 - (-1)/(1 + 0). Suppose 0 = f*m + 2*m + 4*z - 297, -4*z = -5*m + 313. Let j = m + -47. What is the greatest common divisor of j and 154?
14
Let l(n) = -n**2 - 10*n - 10. Suppose -6*z + z - 40 = 0. Let h be l(z). Let c = 1136 + -1132. What is the greatest common factor of h and c?
2
Let r(l) = -l**3 + 16*l**2 + 14*l - 128. Let c be r(16). Calculate the highest common factor of 416 and c.
32
Let l(b) = -b**3 + 9*b**2 + 7*b - 6. Let c be l(9). Suppose 6*w + 2*u = 2382, -48*w = -49*w - 4*u + 375. What is the highest common divisor of w and c?
57
Let v = -57720 + 57737. Let w be (-6)/4*(-8)/6. Let t be 2 + 0 + w/(-2). What is the greatest common divisor of v and t?
1
Suppose -4*z + 9*z - 13 = -p, 6 = 4*p - 3*z. Suppose -n = -3*r - 274, -p*n - 2*n - 5*r = -1330. Calculate the greatest common divisor of 67 and n.
67
Suppose 4*q - 3*j = 205, -725*j + 20 = -721*j. What is the highest common divisor of 77 and q?
11
Let d = -38 - -40. Suppose 0 = -2*a + 4*x + 48, -d*a + 0*x + 2*x + 48 = 0. Suppose -12*w - 504 = -15*w. Calculate the greatest common factor of w and a.
24
Let k(i) = 3*i**2 - 3*i + 99. Let j be k(0). Suppose -3*f + 2*f = -4*z + 38, -z + f = -11. What is the highest common divisor of z and j?
9
Let p(m) = 3*m - 13. Let f be 6/6*(-1 - -7). Let v be p(f). Suppose -v*q = 3*q - 32. Calculate the highest common divisor of q and 16.
4
Suppose -4*c + 7*x = 2*x - 12, -3*c + 9 = -x. Let n(l) = c*l**2 + 8 + 7 - 3*l**2 + l**2 - 7*l. Let q be n(4). Calculate the greatest common divisor of q and 2.
1
Let h(t) = t**3 - 4*t**2 - 6*t + 5. Let p be h(5). Suppose -5*b + b + 240 = p. Let d = -18233 - -18245. Calculate the highest common divisor of d and b.
12
Suppose -6 = -2*m + 5*v, v + 4 - 60 = -4*m. Let y(g) = 4*g + g + 2 + 5*g - 3. Let x be y(4). Calculate the highest common factor of x and m.
13
Let i = 2966 + -2954. Suppose 4*s + 2*b - 64 = 3*b, -3*s + 48 = 2*b. What is the greatest common factor of i and s?
4
Let m(r) = r**3 + 12*r**2 - 50*r + 156. Let i be m(9). Calculate the highest common factor of i and 1206.
201
Let s be 61/2 + 2/(-4). Suppose -17*a - 6*a = -69. What is the greatest common factor of s and a?
3
Let x = -232 + 296. Suppose -5*p - 3041 - 2528 = -g, 0 = -5*p - 3*g - 5573. Let w = p + 1562. What is the highest common factor of x and w?
64
Let r(z) = z**2 - 13*z + 121. Let i be r(11). Suppose 16*t - 13*t - 33 = 0. What is the greatest common factor of t and i?
11
Let k(i) = i**2 + 66*i + 1077. Let s be k(-39). Calculate the highest common factor of s and 3912.
24
Suppose 0 = -2*z + 4 - 4. Suppose z = 14*w - 19*w - 10. Let a be (5 + w)/((-2)/(-6)). What is the highest common divisor of 3 and a?
3
Let v = -763 - -803. Suppose -2*c - 90 = -230. Calculate the highest common factor of c and v.
10
Let k(m) = m**3 - 8*m**2 + 8*m + 2. Let u be k(7). Let i(w) = -7*w - 3. Let b = -20 - -17. Let c be i(b). What is the highest common divisor of c and u?
9
Let o(r) = -8*r**2 - 23*r + 103. Let h be o(4). Let l = h - -306. Calculate the greatest common divisor of 7 and l.
7
Let j be (-11256)/63*(-21 - (-3 + 0)). What is the greatest common factor of 144 and j?
48
Let b be 19/2*18/(-1). Let v = 230 + b. Calculate the greatest common factor of v and 59.
59
Let y be (15/9 - 1)*(10 + 95/(-38)). What is the highest common divisor of 3 and y?
1
Let q(m) = -38*m - 8. Let l be q(-6). Let c(y) = -5*y**2 - 86*y - 283. Let w be c(-5). What is the highest common factor of l and w?
22
Let t = -29635 - -30023. What is the greatest common factor of t and 176?
4
Let t(g) = g**2 + g + 2. Let p(u) = u + 13. Let f(b) = p(b) - t(b). Let j be f(3). Calculate the greatest common factor of j and 100.
2
Let z = 226 - 221. Suppose 0 = 2*j - 2*v - 136, z*j - 2*v - 352 = -3*v. Calculate the greatest common factor of 50 and j.
10
Let q be ((363165/45)/31)/((-26)/(-12) - 2). What is the greatest common factor of q and 748?
22
Let x(y) = -1236*y - 213. Let a be x(-4). Calculate the highest common factor of 332 and a.
83
Suppose -3*y + 7*y + 5*m - 19 = 0, -2*y - 3*m = -11. Let h be -303*(3 + -5 + y)*1. What is the greatest common factor of 202 and h?
101
Let o(t) = -112*t**3 + t**2 + 22*t - 67. Let l be o(-5). Calculate the highest common divisor of l and 48.
24
Let u be ((-84)/56)/(4 - (-432920)/(-108224)). What is the greatest common factor of 380 and u?
76
Let g be 652/2 + (37 - 51). What is the greatest common divisor of g and 858?
78
Let g be (4 - 105/9)*15/(-5). Suppose -g = -3*t + 1. What is the highest common divisor of 72 and t?
8
Let a = 1838 + -442. What is the greatest common divisor of 4 and a?
4
Let y be 111/(-30)*-25*(-18)/(-1). Calculate the greatest common factor of 90 and y.
45
Let c(y) = y**3 + 25*y**2 + 72*y + 20. Let l be c(-21). Calculate the greatest common divisor of 32 and l.
16
Let i = 6 - 6. Suppose h + i*h = 23. Suppose 48*r = -48*r - 85*r + 16652. Calculate the highest common divisor of h and r.
23
Suppose -d - 169 = 15*d - 489. What is the highest common divisor of 2410 and d?
10
Let v(u) = -u**2 - 21*u + 3. Let j be v(-21). Let x be (j/9)/(4/12) + 1055. Suppose -x = -16*c + 12*c. What is the greatest common factor of 24 and c?
24
Let m be 12*(56/12 + 3/(-3)). Suppose -3*r - 137*q + 1110 = -141*q, 0 = 2*r - 4*q - 736. What is the highest common factor of r and m?
22
Let z be 45/12*72/15. Let u = 277 - 196. Let a be u/z*32/(-6)*-1. Calculate the highest common divisor of a and 36.
12
Let g be (6/1 + (-6 + -3 - -2))*-4. Suppose 188 = 5*j - 32. What is the highest common factor of j and g?
4
Let i = 108 - 94. Calculate the greatest common factor of i and 3269.
7
Suppose -3*n = 12*n - 2415. Let y = -4 + 27. Calculate the highest common factor of n and y.
23
Let u = -15 - 37. Let r be ((-48)/5)/(u/130). What is the highest common factor of 216 and r?
24
Let w = -110 + 132. Suppose w = 3*i - 149. Calculate the highest common divisor of 19 and i.
19
Suppose -3*o = -y - 10514, 4*y = -2*o + 5*y + 7010. Calculate the greatest common factor of o and 144.
48
Let h(t) = 2*t + 2*t + 3*t - 8*t. Let x be h(4). Let d be x/(-5)*(138/4 - 2). What is the greatest common divisor of d and 39?
13
Suppose -4*u - 4*g + 8 = -2*u, -57 = -3*u + 3*g. Suppose 148*t + 120 = 150*t. Let r = 109 - t. What is the highest common divisor of u and r?
7
Let c = 231 + -261. Let z be (c/2)/(231/(-57) - -4). What is the highest common factor of z and 114?
57
Suppose -4*f + 150 + 150 = 0. Suppose 5*j - 926 = 464. Let o = 328 - j. What is the greatest common divisor of f and o?
25
Let q be 4/10 - (-2)/(-5). Let y(p) = -p + 108. Let t be y(q). Let c = 1176 - 1152. What is the highest common divisor of t and c?
12
Let s = -14971 - -14979. Calculate the highest common factor of 18296 and s.
8
Let u be ((-19040)/714)/(5/(-72)). Calculate the highest common divisor of 20 and u.
4
Let v(n) = -n**2 - 29*n + 72. Let a(c) = -3*c**2 - 59*c + 144. Let s(t) = -3*a(t) + 7*v(t). Let o be s(11). Calculate the greatest common factor of 14 and o.
14
Let c = -837 + 915. Suppose c = 4*w + n, 70*n = w + 65*n - 9. Let u be (38/4)/(1/2). Calculate the greatest common factor of w and u.
19
Let n(q) = -4*q**3 - 11*q**2 - 2*q - 8. Let c be n(-4). What is the greatest common divisor of c and 5570?
10
Let o = 47 + -18. Let m(t) = -4*t + 306. Let v be m(76). What is the highest common factor of o and v?
1
Suppose 4*w - 11 = -3*r + 60, 0 = 8*r - w - 236. What is the highest common divisor of 5017 and r?
29
Let l be (-218)/(-2) - (-17 + 19 + -6). Suppose 0 = 8*y + l - 361. What is the greatest common fact